). Is ((-1)/(16/812))/(1/r) a composite number?
True
Let h = 63 + -96. Is (h + -141)*7/(-6) a prime number?
False
Is ((-20)/60)/((-3 - -4) + (-29920)/29919) composite?
False
Let n be 1 - (-2)/(-8)*8/2. Is -5 + n - (32 - 2580) prime?
True
Suppose -8*b = -0*b - 40. Let z be (-3)/((-45)/37041) - 2/b. Let r = -670 + z. Is r a prime number?
False
Let g(z) = -4107*z - 395. Is g(-20) a prime number?
False
Let z(y) be the third derivative of -1/6*y**3 - 25/8*y**4 + 0*y + 0 - 10*y**2. Is z(-4) a prime number?
False
Suppose -7*q - 27950 = -96235. Suppose 4*f - 2*f = 3*d + q, 3*f - 14665 = -2*d. Is f prime?
False
Suppose 2496 = -13*n - 2*n - 24*n. Let l = -6 - -4. Is 1/(l/n) + 3 composite?
True
Let h(w) = 35*w**3 + 25*w**2 - 17*w - 60. Let l be h(20). Suppose 28*n - l - 161676 = 0. Is n a prime number?
False
Let q(b) = 194*b**2 - 12*b - 23. Is q(-6) prime?
False
Suppose -7*l = -5*l - 350. Let q = 258 - l. Let y = 48 + q. Is y composite?
False
Let a(r) = 2*r + 11. Suppose 0 = -0*u + u - y + 4, 4*y + 40 = -3*u. Let d be a(u). Let k(m) = -276*m - 19. Is k(d) composite?
False
Let r = -566020 + 3343311. Is r composite?
True
Suppose 137917 = 18*b - 42749. Is b a prime number?
True
Suppose 31*y - 2*j - 184645 = 28*y, -3*y + j = -184646. Is y a composite number?
True
Suppose 36 = -12*g - 24. Let a be 35/g*(-20)/35. Suppose 2*v - 8822 = -a*k, 2*k = -k - 15. Is v composite?
False
Let z(i) = i**3 - 12*i**2 + 9*i + 28. Let y be z(11). Is (2136/(-36))/(y/(-153)) prime?
False
Suppose -v - 13 = -4*r - 64, 0 = -3*v - 5*r + 85. Let y(z) = -z**3 + 34*z**2 + 70*z - 12. Is y(v) a prime number?
True
Suppose 0 = 4736*z - 4742*z + 467358. Is z prime?
True
Let z(q) = -q**3 - 13*q**2 - 8*q + 49. Let d be z(-12). Is (d*-1)/(33/(-335247)) composite?
False
Let u be 3 - 0/(3/1). Suppose u*l - l = 288. Let z = l + -65. Is z composite?
False
Let g = -6730 - -6737. Suppose -5*r = 4*k - 24, 4*r = k - 0*k + 15. Suppose -g*o + 2343 = -r*o. Is o prime?
False
Let g(z) = 2*z. Let y be g(-1). Let u be 0 - y - (3 + -4 + -192). Suppose -r = 2*q - u, 5*r + 50 = 2*q - 139. Is q a prime number?
True
Suppose -u = -2*f + 13474, -26291 = -3*f + u - 6081. Suppose f = y + 635. Is y composite?
False
Let x = 36554 + -11451. Is x composite?
True
Let l be (2 - -1)/((-14)/(-98)). Suppose -24*q + l*q - 12 = 0. Is (q - 0 - 582)*5/(-2) prime?
False
Let n be (8 + 104/(-12))/((-4)/6). Is (6 - 28/7) + 11126 + n a prime number?
False
Suppose -5*v + 807 = 4*h, 9*v + 3*h - 327 = 7*v. Suppose -1278 = 4*q - 2*d, -2*d + 4*d - 1598 = 5*q. Let b = v - q. Is b composite?
False
Let m = -357 - -375. Suppose m*y + y = 17233. Is y composite?
False
Let b = 70133 + 109370. Is b prime?
False
Let d be -2*(64/(-8))/8. Let u(b) = 1495*b**2 - 23*b + 1. Is u(d) a prime number?
False
Let s(h) = h**2 + 25*h - 13. Let p be s(-26). Suppose -17 - p = -5*i. Let j(w) = 13*w**2 - 4*w + 3. Is j(i) prime?
False
Let f be 36/378 - 80/(-42). Suppose -5*c - 4*k = -12, 4*k = -5*c + 3*k + 18. Suppose -3*d = -c*d - f*l + 988, 0 = -4*d - 3*l + 3977. Is d composite?
True
Suppose -8*q + 14*q = -15702. Let v = q + 3768. Is v a prime number?
True
Let m(k) = k**3 - 5*k**2 - 9*k + 15. Let r be m(6). Let t be r*((-11931)/36 + (-2)/8). Let v = 1642 - t. Is v prime?
True
Let j be (3 - 1)/((-26)/(-143)). Let i be -52 + 49 + (-7)/(14/(-2400)). Suppose -j*h + 4534 = -i. Is h prime?
True
Suppose 2*o - 76*g - 612650 = -80*g, -4*g - 1225324 = -4*o. Is o prime?
True
Let t be (-8 + 7)/((-2)/(-4)). Is (28169/(-34))/(t/(2*2)) a composite number?
False
Let n = -427 + 426. Is (n*1)/(5 + 329238/(-65845)) a prime number?
False
Let i be (-4 + -2442)/((4/(-6))/1). Let w = i + -1390. Is w a composite number?
True
Let q be ((-1)/(-2)*6)/(162/1178280). Let b = q - 3365. Is b composite?
True
Let p = 173 + -173. Suppose 5*f - 5158 - 3957 = p. Is f a composite number?
False
Suppose 5*z + 6086 = 3*p + p, 2*p + 4*z - 3030 = 0. Suppose 13*s - 5*s - 12352 = 0. Suppose s = 4*g + 4*a, 0*g - p = -4*g + a. Is g composite?
True
Is 4/22 + (-6439518)/(-198) + 4 composite?
True
Suppose -166*k = -162*k - 12. Is (1 + -1 - -3)/k - -16750 prime?
False
Suppose 2*l + 2 = 2*b, 7*b - 29 = -l + 2*b. Is -582*4/(-32)*l a composite number?
True
Is (-3 - -3 - -3)*((-373538)/(-6))/11 a prime number?
True
Let i = 118 + -113. Suppose -24809 = -w - i*g - 3451, g = -1. Is w composite?
True
Let o be (4 - (-9)/(-3))/((-6)/(-30)). Suppose z + 2049 - 8242 = 2*w, -3*w + 30926 = o*z. Is z prime?
False
Let h(y) = -y**3 - 6*y**2 - 4*y + 3. Let x(k) = k - 5. Let d be x(2). Let o be h(d). Is o/(-30) - (-4)/(-10) - -398 a prime number?
False
Let z(p) = p**3 + 14*p**2 + 6*p + 79. Let g be z(-14). Let a(f) = 2*f**3 - 7 - 2*f**3 + 4*f**2 + f**3 - 11*f. Is a(g) prime?
True
Suppose 0 = -4*i - 32 - 16. Let m be 1/(-4) - 815*i/16. Suppose 2*d + m = 3*u, -2*d + 97 + 112 = u. Is u a composite number?
True
Suppose 0*z + 65 = -5*z - 4*c, -2*c - 46 = 4*z. Is 226/(5 - z/(-3)) a prime number?
True
Suppose -4*r + 5*s + 15 = 0, 4*s + s = -r - 15. Suppose r = -2*q + 2, 4*c = -q + 2*q + 6771. Is c composite?
False
Suppose -25*c + 1184110 = -3540765. Is c a prime number?
False
Is (-11)/(1760/60) - 2/(16/(-242731)) prime?
True
Let s(m) = 3*m**3 + 29*m**2 + 17*m - 635. Is s(36) a composite number?
True
Suppose 2227 = 11*f - 1040. Suppose -5*w + 750 = -200. Suppose -c + f = -w. Is c a composite number?
False
Let s = -21 + 26. Suppose 0 = -3*z + 2*w + 11, -s*z + 0*z - w + 1 = 0. Is 818 - (-2 - (z - 0)) prime?
True
Let f(m) = 159*m**2 + 30*m + 4. Suppose 65*d + 414 = 89. Is f(d) a prime number?
False
Let d(t) be the second derivative of 8*t**5/5 + 3*t**4/4 + t**3/3 + 3*t**2/2 - t + 89. Is d(4) prime?
True
Let d be 834/18 + (-3 - 33/(-9)). Let i = 50 - d. Suppose -4*z = -i*z - 55. Is z a composite number?
True
Let c = -542191 - -861262. Is c a composite number?
True
Let g = 801 - 268. Let h be 2968/(-318)*(189/(-2))/(-3). Let n = g + h. Is n a composite number?
False
Suppose 4*v + 232796 = -14*v + 1173278. Is v a prime number?
True
Let q(x) = -4517*x + 52. Let c(l) = 2258*l - 26. Let k(v) = -5*c(v) - 3*q(v). Is k(5) a composite number?
False
Let d(x) = 42*x**2 - 33*x + 941. Is d(-46) a composite number?
False
Let y = 1085486 - 763687. Is y a prime number?
True
Let q = -298412 - -418525. Is q a composite number?
True
Let o(b) = -208*b**3 + 67*b**2 - 7*b + 49. Is o(-15) a prime number?
True
Let f = -86 + 135. Let l = -49 + f. Suppose l = -b + 445 - 34. Is b a composite number?
True
Let q(n) = 67076*n - 4907. Is q(3) a prime number?
False
Let s(w) = -w**3 + 11*w**2 + 14*w - 17. Let p = -71 - -83. Let q be s(p). Suppose -3*v - q*v = -12590. Is v a composite number?
False
Let z = -3442 - -1612. Let w = -3437 - z. Let d = w + 3006. Is d composite?
False
Let h(p) = -69*p**3 - p**2 + 4*p + 4. Let d(s) = -71*s**3 + 4*s + 3. Let y(f) = 5*d(f) - 6*h(f). Is y(4) a prime number?
True
Let d be ((-12)/(-1))/(4/1058). Let l = 6909 + -6904. Suppose -4*h - d = -l*i - h, 5*i - 3168 = h. Is i composite?
True
Let m(c) = 112902*c**3 + 12*c**2 - 9*c - 4. Is m(1) prime?
True
Suppose -3*h = -12 + 12. Let w be h/(1/(-2) + 33/(-22)). Suppose -8 = -2*c, 4*j - 2*c + w*c - 5588 = 0. Is j a prime number?
True
Suppose -30*a + 49910 = -28*a. Let c = 34992 - a. Is c composite?
False
Let n be (-1)/(-5) - (-254023)/35. Suppose 22647 + n = 5*h. Is h composite?
False
Let b = 8191 + -2588. Let w = b + -2010. Is w a composite number?
False
Let m = 42 + 44. Let j = m + -84. Suppose -6 = j*k, -253 = -2*q + 5*k + 1108. Is q prime?
True
Suppose 64*l + 1657381 = 138*l - 63*l. Is l prime?
False
Let p = 79399 - -1498. Is p prime?
True
Let b = 79990 + -37667. Is b composite?
False
Let k be (3 + 5/1)*(-79)/(-2). Suppose k = -38*y + 42*y. Is y a composite number?
False
Suppose 5*f - 5 = 0, -f = -5*i + 2*f - 3. Suppose g = -i*g - l + 65, 4*g - 290 = 2*l. Suppose -5*y + g = -160. Is y prime?
False
Let v be (-5)/(510/(-44831028)) - (-4)/34. Suppose 0 = -37*c - 108333 + v. Is c prime?
True
Let g(p) be the second derivative of -p**4/12 - 5*p**3/6 + 2*p**2 - 13*p. Let q be g(-5). Is (-2017)/(-3) + q/6 a prime number?
True
Is (7 - (-5 - -11))/(-3) - 1253168/(-6) composite?
True
Suppose 4*h + 32 - 12 = 0, -14 = m + 2*h. Is (((-1229)/m)/1)/((-1)/(-8)) composite?
True
Let a = 159 + -163. Let k = 75 -